 4463
What are the prime factors of 4197894522?
2, 3, 43, 3191, 5099
List the prime factors of 140632536.
2, 3, 11, 191, 2789
What are the prime factors of 413032554?
2, 3, 11, 37, 18793
List the prime factors of 101325247.
101325247
List the prime factors of 2302903661.
2302903661
List the prime factors of 158976692.
2, 7, 5677739
What are the prime factors of 1251828683?
7, 178832669
What are the prime factors of 211363467?
3, 7, 19, 197, 2689
List the prime factors of 683006130.
2, 3, 5, 7588957
What are the prime factors of 11164604?
2, 11, 253741
List the prime factors of 397043968.
2, 47, 32999
List the prime factors of 1342590940.
2, 5, 67129547
List the prime factors of 251544909.
3, 7, 11, 107, 10177
What are the prime factors of 32734534?
2, 7, 2338181
What are the prime factors of 1750816861?
22817, 76733
What are the prime factors of 1849415281?
7, 167, 226007
What are the prime factors of 496221376?
2, 7, 43, 25759
List the prime factors of 95020118.
2, 113, 433, 971
List the prime factors of 2217098849.
7, 316728407
What are the prime factors of 170863663?
170863663
What are the prime factors of 35008422?
2, 3, 353, 16529
What are the prime factors of 93994229?
7, 61, 251, 877
List the prime factors of 878408308.
2, 71, 103, 30029
List the prime factors of 438949074.
2, 3, 43, 47, 53, 683
What are the prime factors of 3094224990?
2, 3, 5, 607, 169919
List the prime factors of 76194068.
2, 17, 1120501
What are the prime factors of 555688107?
3, 13, 599, 881
What are the prime factors of 181696171?
71, 2559101
List the prime factors of 5390172623.
11, 490015693
List the prime factors of 12507760.
2, 5, 156347
List the prime factors of 223272854.
2, 7, 97, 164413
What are the prime factors of 7933499762?
2, 3966749881
List the prime factors of 12388896.
2, 3, 13, 1103
List the prime factors of 977959138.
2, 13, 283, 132911
List the prime factors of 5792454905.
5, 1158490981
List the prime factors of 174060829.
137, 557, 2281
What are the prime factors of 1533807747?
3, 97, 1756939
List the prime factors of 791368016.
2, 53, 933217
What are the prime factors of 372524173?
7, 53217739
List the prime factors of 1514116960.
2, 5, 37, 255763
What are the prime factors of 69299047?
3797, 18251
List the prime factors of 910249418.
2, 13, 5881, 5953
What are the prime factors of 226408640?
2, 5, 707527
List the prime factors of 496356374.
2, 248178187
What are the prime factors of 37992382?
2, 17, 311, 3593
What are the prime factors of 30870952?
2, 7, 167, 3301
What are the prime factors of 21535327?
11, 673, 2909
List the prime factors of 129160966.
2, 11, 533723
What are the prime factors of 2352357570?
2, 3, 5, 43, 1823533
List the prime factors of 6694081731.
3, 247928953
What are the prime factors of 2265197698?
2, 1132598849
What are the prime factors of 337441813?
37, 61, 307, 487
List the prime factors of 127293440.
2, 5, 31, 401
List the prime factors of 1045897250.
2, 5, 283, 14783
What are the prime factors of 462746310?
2, 3, 5, 13, 227, 5227
List the prime factors of 70318033.
311, 226103
What are the prime factors of 37843386?
2, 3, 7, 97, 1327
What are the prime factors of 183383355?
3, 5, 67, 182471
What are the prime factors of 109513583?
41, 2671063
List the prime factors of 98669242.
2, 7, 19, 2789
What are the prime factors of 43288683?
3, 503, 28687
List the prime factors of 991850291.
1811, 547681
List the prime factors of 1186321286.
2, 487, 1217989
What are the prime factors of 1453553333?
19, 23, 3326209
What are the prime factors of 57365652?
2, 3, 4780471
What are the prime factors of 374916?
2, 3, 157, 199
What are the prime factors of 855411869?
13, 29, 2268997
What are the prime factors of 23865534?
2, 3, 7, 11, 67, 257
What are the prime factors of 406060423?
23, 2017, 8753
What are the prime factors of 68951225?
5, 7, 394007
What are the prime factors of 450134561?
491, 916771
List the prime factors of 2224758988.
2, 89, 6249323
What are the prime factors of 291586155?
3, 5, 7, 29, 31, 3089
What are the prime factors of 277064004?
2, 3, 7, 19, 173599
What are the prime factors of 353251634?
2, 31, 761, 7487
List the prime factors of 57841355.
5, 11, 13, 80897
What are the prime factors of 22519396?
2, 769, 7321
What are the prime factors of 1592226794?
2, 796113397
What are the prime factors of 214447047?
3, 71482349
List the prime factors of 2451149486.
2, 1225574743
List the prime factors of 1832820583.
11, 1021, 163193
What are the prime factors of 685297627?
7, 23, 4256507
What are the prime factors of 20290615?
5, 37, 67, 1637
What are the prime factors of 630282210?
2, 3, 5, 21009407
List the prime factors of 186956544.
2, 3, 243433
List the prime factors of 518598764.
2, 29, 4470679
What are the prime factors of 24731654?
2, 19, 650833
List the prime factors of 25141218.
2, 3, 19, 220537
List the prime factors of 19241020.
2, 5, 962051
List the prime factors of 566567481.
3, 188855827
List the prime factors of 221689175.
5, 229, 38723
List the prime factors of 523561990.
2, 5, 7, 263, 28439
What are the prime factors of 45968877?
3, 31, 18307
What are the prime factors of 1530418080?
2, 3, 5, 19, 167809
List the prime factors of 759755223.
3, 19, 31, 331, 433
What are the prime factors of 876429477?
3, 7, 11, 140521
List the prime factors of 2884242822.
2, 3, 480707137
What are the prime factors of 1179788039?
1179788039
List the prime factors of 1870844623.
14699, 127277
List the prime factors of 452565982.
2, 11, 73, 281797
List the prime factors of 7037777342.
2, 3518888671
What are the prime factors of 60473153?
13, 4651781
What are the prime factors of 763395713?
763395713
List the prime factors of 2596880235.
3, 5, 173125349
List the prime factors of 707629000.
2, 5, 13, 29, 1877
List the prime factors of 2561255632.
2, 13, 17, 19, 67, 569
What are the prime factors of 876746228?
2, 37, 5923961
List the prime factors of 268364197.
268364197
What are the prime factors of 53443557?
3, 53, 59, 211
List the prime factors of 25524852.
2, 3, 2127071
What are the prime factors of 17475689?
7, 11, 73, 3109
List the prime factors of 6739025100.
2, 3, 5, 22463417
List the prime factors of 59769700.
2, 5, 597697
What are the prime factors of 1336208820?
2, 3, 5, 19, 479, 2447
List the prime factors of 57367146.
2, 3, 17, 173, 3251
List the prime factors of 20100302.
2, 47, 213833
What are the prime factors of 438142237?
13, 29, 461, 2521
What are the prime factors of 3644448863?
11, 331313533
What are the prime factors of 19785686?
2, 397, 24919
What are the prime factors of 500853500?
2, 5, 7, 20443
What are the prime factors of 27695095?
5, 5539019
List the prime factors of 981291991.
41, 47, 241, 2113
List the prime factors of 3024329854.
2, 7, 13, 16617197
List the prime factors of 75762045.
3, 5, 1683601
List the prime factors of 227857393.
227857393
What are the prime factors of 382947107?
382947107
What are the prime factors of 34137919?
449, 76031
What are the prime factors of 1744935627?
3, 919, 632911
List the prime factors of 2862449579.
11, 17, 19, 149, 5407
What are the prime factors of 944110919?
2459, 383941
What are the prime factors of 314138338?
2, 157069169
What are the prime factors of 2602014146?
2, 89, 14618057
List the prime factors of 42135167.
41, 1027687
List the prime factors of 87983458.
2, 41, 1072969
What are the prime factors of 866658459?
3, 288886153
List the prime factors of 102808421.
389, 264289
What are the prime factors of 23723908?
2, 13, 17, 47, 571
What are the prime factors of 2101960122?
2, 3, 350326687
What are the prime factors of 340665510?
2, 3, 5, 31, 366307
What are the prime factors of 70989300?
2, 3, 5, 78877
What are the prime factors of 719966048?
2, 17, 127, 613
List the prime factors of 3388780369.
13, 260675413
List the prime factors of 708178341.
3, 13, 61, 109, 2731
What are the prime factors of 5818400?
2, 5, 7, 1039
What are the prime factors of 1254879879?
3, 11, 43, 884341
List the prime factors of 10139276.
2, 7, 17, 179
List the prime factors of 453729643.
17, 227, 117577
List the prime factors of 453866120.
2, 5, 11346653
What are the prime factors of 340173834?
2, 3, 7, 11, 13, 19, 271
List the prime factors of 2991888854.
2, 17, 879967